{"id":11,"date":"2025-01-12T14:28:41","date_gmt":"2025-01-12T14:28:41","guid":{"rendered":"https:\/\/bramborovamedaile.cz\/home\/"},"modified":"2026-03-17T16:09:54","modified_gmt":"2026-03-17T15:09:54","slug":"home","status":"publish","type":"page","link":"https:\/\/bramborovamedaile.cz\/","title":{"rendered":"uvod"},"content":{"rendered":"\t\t<div data-elementor-type=\"wp-page\" data-elementor-id=\"11\" class=\"elementor elementor-11\" data-elementor-post-type=\"page\">\n\t\t\t\t<div class=\"elementor-element elementor-element-48acc69 e-flex e-con-boxed e-con e-parent\" data-id=\"48acc69\" data-element_type=\"container\" data-e-type=\"container\" data-settings=\"{&quot;background_background&quot;:&quot;classic&quot;}\">\n\t\t\t\t\t<div class=\"e-con-inner\">\n\t\t<div class=\"elementor-element elementor-element-9e6711a e-con-full e-flex e-con e-child\" data-id=\"9e6711a\" data-element_type=\"container\" data-e-type=\"container\">\n\t\t\t\t<div class=\"elementor-element elementor-element-5a388b1 elementor-widget elementor-widget-heading\" data-id=\"5a388b1\" data-element_type=\"widget\" data-e-type=\"widget\" data-widget_type=\"heading.default\">\n\t\t\t\t<div class=\"elementor-widget-container\">\n\t\t\t\t\t<h1 class=\"elementor-heading-title elementor-size-default\">Bramborov\u00e1 Medaile<\/h1>\t\t\t\t<\/div>\n\t\t\t\t<\/div>\n\t\t<div class=\"elementor-element elementor-element-ddc8d17 e-flex e-con-boxed e-con e-child\" data-id=\"ddc8d17\" data-element_type=\"container\" data-e-type=\"container\">\n\t\t\t\t\t<div class=\"e-con-inner\">\n\t\t\t\t<div class=\"elementor-element elementor-element-1131b0c elementor-widget elementor-widget-heading\" data-id=\"1131b0c\" data-element_type=\"widget\" data-e-type=\"widget\" data-widget_type=\"heading.default\">\n\t\t\t\t<div class=\"elementor-widget-container\">\n\t\t\t\t\t<h2 class=\"elementor-heading-title elementor-size-default\">P\u0159\u00ed\u0161t\u00ed turnaj bude za :<\/h2>\t\t\t\t<\/div>\n\t\t\t\t<\/div>\n\t\t\t\t\t<\/div>\n\t\t\t\t<\/div>\n\t\t<div class=\"elementor-element elementor-element-9ad62dd e-con-full e-flex e-con e-child\" data-id=\"9ad62dd\" data-element_type=\"container\" data-e-type=\"container\">\n\t\t\t\t<div class=\"elementor-element elementor-element-cc7589e elementor-countdown--label-block elementor-widget elementor-widget-countdown\" data-id=\"cc7589e\" data-element_type=\"widget\" data-e-type=\"widget\" data-widget_type=\"countdown.default\">\n\t\t\t\t<div class=\"elementor-widget-container\">\n\t\t\t\t\t\t\t<div class=\"elementor-countdown-wrapper\" data-date=\"1778414400\">\n\t\t\t<div class=\"elementor-countdown-item\"><span class=\"elementor-countdown-digits elementor-countdown-days\"><\/span> <span class=\"elementor-countdown-label\">Dn\u00ed<\/span><\/div><div class=\"elementor-countdown-item\"><span class=\"elementor-countdown-digits elementor-countdown-hours\"><\/span> <span class=\"elementor-countdown-label\">Hodin<\/span><\/div><div class=\"elementor-countdown-item\"><span class=\"elementor-countdown-digits elementor-countdown-minutes\"><\/span> <span class=\"elementor-countdown-label\">Minut<\/span><\/div><div class=\"elementor-countdown-item\"><span class=\"elementor-countdown-digits elementor-countdown-seconds\"><\/span> <span class=\"elementor-countdown-label\">Sekund<\/span><\/div>\t\t<\/div>\n\t\t\t\t\t\t<\/div>\n\t\t\t\t<\/div>\n\t\t\t\t<\/div>\n\t\t\t\t<\/div>\n\t\t\t\t\t<\/div>\n\t\t\t\t<\/div>\n\t\t<div class=\"elementor-element elementor-element-4b9f4c9 e-flex e-con-boxed e-con e-parent\" data-id=\"4b9f4c9\" data-element_type=\"container\" data-e-type=\"container\" data-settings=\"{&quot;background_background&quot;:&quot;classic&quot;}\">\n\t\t\t\t\t<div class=\"e-con-inner\">\n\t\t<div class=\"elementor-element elementor-element-4c9b46f e-con-full e-flex e-con e-child\" data-id=\"4c9b46f\" data-element_type=\"container\" data-e-type=\"container\">\n\t\t<div class=\"elementor-element elementor-element-10c2c24 e-con-full e-flex e-con e-child\" data-id=\"10c2c24\" data-element_type=\"container\" data-e-type=\"container\">\n\t\t\t\t<div class=\"elementor-element elementor-element-5416d81 elementor-widget elementor-widget-heading\" data-id=\"5416d81\" data-element_type=\"widget\" data-e-type=\"widget\" data-widget_type=\"heading.default\">\n\t\t\t\t<div class=\"elementor-widget-container\">\n\t\t\t\t\t<h2 class=\"elementor-heading-title elementor-size-default\">Historie<\/h2>\t\t\t\t<\/div>\n\t\t\t\t<\/div>\n\t\t\t\t<div class=\"elementor-element elementor-element-a9c4d1d elementor-widget elementor-widget-text-editor\" data-id=\"a9c4d1d\" data-element_type=\"widget\" data-e-type=\"widget\" data-widget_type=\"text-editor.default\">\n\t\t\t\t<div class=\"elementor-widget-container\">\n\t\t\t\t\t\t\t\t\t<p><span class=\"elementor-drop-cap\"><span class=\"elementor-drop-cap-letter\">B<\/span><\/span>owlingov\u00e9 turnaje jsme za\u010dali po\u0159\u00e1dat v Brand\u00fdsk\u00e9m Bowlingov\u00e9m Centru na ja\u0159e roku 2017. N\u00e1\u0161 prvn\u00ed turnaj jsme nazvali Bramborov\u00e1 medaile. V tomto prvn\u00edm ro\u010dn\u00edku se n\u00e1m poda\u0159ilo zorganizovat s\u00e9rii \u010dty\u0159 turnaj\u016f a to tak\u00e9 d\u00edky na\u0161im sponzor\u016fm, kte\u0159\u00ed n\u00e1m v\u011bnovali spousty kr\u00e1sn\u00fdch cen pro hr\u00e1\u010de. Za to jim pat\u0159\u00ed velk\u00e9 pod\u011bkov\u00e1n\u00ed!<\/p><p>\u00a0V roce 2018 jsme pokra\u010dovali s po\u0159\u00e1d\u00e1n\u00edm na\u0161eho hlavn\u00edho bowlingov\u00e9ho turnaje BRAMBOROV\u00c1 MEDAILE, kter\u00fd se osv\u011bd\u010dil. I v tomto ro\u010dn\u00edku jsme op\u011bt uspo\u0159\u00e1dali s\u00e9rii \u010dty\u0159 turnaj\u016f, kterou se n\u00e1m poda\u0159ilo zvl\u00e1dnout i d\u00edky dobrovoln\u00edk\u016fm kte\u0159\u00ed n\u00e1m pomohli v dob\u011b m\u00e9 nemoci.<\/p><p>\u00a0Rok 2019 se stal p\u0159elomov\u00fdm hlavn\u011b t\u00edm, \u017ee se n\u00e1m poda\u0159ilo znovu opr\u00e1\u0161it skoro zapomenut\u00fd turnaj MELICHARKA CUP, kter\u00fd se v t\u00e9to hern\u011b naposledy hr\u00e1l v roce 2012. Hra o tento poh\u00e1r se stala ned\u00edlnou sou\u010d\u00e1st\u00ed s\u00e9rie bowlingov\u00fdch turnaj\u016f Bramborov\u00e1 medaile. Tak\u00e9 jsme roz\u0161\u00ed\u0159ili po\u010det hrac\u00edch dn\u016f celkem na p\u011bt, t\u0159i na ja\u0159e a dva na podzim. V dubnu jsme vyhl\u00e1sili samostatn\u00fd voln\u00fd turnaj CELORO\u010cN\u00cd BOWLINGOV\u00c9 KL\u00c1N\u00cd, kde si ka\u017ed\u00fd hr\u00e1\u010d hraje, kdy chce a s\u00e1m si i rozhoduje o sv\u00e9m v\u00fdsledku.<\/p><p>\u00a0Jen pro hr\u00e1\u010de CBK po\u0159\u00e1d\u00e1me dva mimo\u0159\u00e1dn\u00e9 SRANDA TURNAJE( v \u010dervnu a v prosinci), v jeho\u017e z\u00e1v\u011bru\u00a0 prob\u00edh\u00e1 vyhodnocen\u00ed a odm\u011bn\u011bn\u00ed hr\u00e1\u010d\u016f za celoro\u010dn\u00ed snahu.<\/p><p>\u00a0V roce 2020 pokra\u010dujeme ve v\u0161ech na\u0161ich dosavadn\u00edch turnaj\u00edch Bramborov\u00e1 medaile, Melicharka CUP a Celoro\u010dn\u00ed Bowlingov\u00e9 Kl\u00e1n\u00ed.<\/p><p>Novinkou v na\u0161em hlavn\u00edm\u00a0 turnaji je sout\u011b\u017e nazvan\u00e1 Zelen\u00fd strike, kter\u00e1 se hned v prvn\u00edm hrac\u00edm dnu stala ne\u010dekan\u00fdm hitem a p\u0159\u00edjemn\u011b osv\u011b\u017eila n\u011bkdy a\u017e urputn\u00fd boj o ka\u017ed\u00fd strike.<\/p><p>V roce 2021 se diky pandemii a vl\u00e1dn\u00edm opat\u0159en\u00edm poda\u0159ilo odeh\u00e1t pouze jeden turnaj z cel\u00e9 serie.<\/p><p>Rok 2022 p\u0159in\u00e1\u0161\u00ed velkou zm\u011bnu v podob\u011b st\u011bhov\u00e1n\u00ed hlavn\u00edho turnaje Bramborov\u00e1 medaile do herny Phoenix v Praze Hole\u0161ovic\u00edch. Je ukon\u010den turnaj Melicharka CUP, kter\u00fd je nahrazen novou celoro\u010dn\u00ed sout\u011b\u017e\u00ed Brambora CUP.<\/p><p>\u00a0Samoz\u0159ejm\u011b se sna\u017e\u00edme po dohod\u011b s k n\u00e1m vst\u0159\u00edcn\u00fdmi majiteli centra p\u0159ipravovat dal\u0161\u00ed vylep\u0161en\u00ed a dal\u0161\u00ed zaj\u00edmav\u00e9 turnaje, ale pl\u00e1n\u016f je hodn\u011b a \u010dasu m\u00e1lo :-).<\/p><p>T\u011b\u0161\u00ed n\u00e1s Va\u0161e st\u00e1l\u00e1 p\u0159\u00edze\u0148 a lou\u010d\u00edm se s \u201eTak a\u0165 v\u00e1m to pad\u00e1!!\u201c<\/p><p>Jirka U.<\/p>\t\t\t\t\t\t\t\t<\/div>\n\t\t\t\t<\/div>\n\t\t\t\t<\/div>\n\t\t\t\t<\/div>\n\t\t\t\t\t<\/div>\n\t\t\t\t<\/div>\n\t\t<div class=\"elementor-element elementor-element-cd7dd56 e-flex e-con-boxed e-con e-parent\" data-id=\"cd7dd56\" data-element_type=\"container\" data-e-type=\"container\" data-settings=\"{&quot;background_background&quot;:&quot;classic&quot;}\">\n\t\t\t\t\t<div class=\"e-con-inner\">\n\t\t<div class=\"elementor-element elementor-element-92e115f e-con-full e-flex e-con e-child\" data-id=\"92e115f\" data-element_type=\"container\" data-e-type=\"container\">\n\t\t\t\t<div class=\"elementor-element elementor-element-4082142 elementor-widget elementor-widget-heading\" data-id=\"4082142\" data-element_type=\"widget\" data-e-type=\"widget\" data-widget_type=\"heading.default\">\n\t\t\t\t<div class=\"elementor-widget-container\">\n\t\t\t\t\t<h2 class=\"elementor-heading-title elementor-size-default\">P\u0159ij\u010fte si zahr\u00e1t s n\u00e1mi<\/h2>\t\t\t\t<\/div>\n\t\t\t\t<\/div>\n\t\t\t\t<\/div>\n\t\t\t\t\t<\/div>\n\t\t\t\t<\/div>\n\t\t<div class=\"elementor-element elementor-element-0697f7c e-flex e-con-boxed e-con e-parent\" data-id=\"0697f7c\" data-element_type=\"container\" data-e-type=\"container\">\n\t\t\t\t\t<div class=\"e-con-inner\">\n\t\t<div class=\"elementor-element elementor-element-f879f26 e-con-full e-flex e-con e-child\" data-id=\"f879f26\" data-element_type=\"container\" data-e-type=\"container\">\n\t\t\t\t<div class=\"elementor-element elementor-element-e6aa943 elementor-widget elementor-widget-heading\" data-id=\"e6aa943\" data-element_type=\"widget\" data-e-type=\"widget\" data-widget_type=\"heading.default\">\n\t\t\t\t<div class=\"elementor-widget-container\">\n\t\t\t\t\t<h2 class=\"elementor-heading-title elementor-size-default\">Bramborov\u00e1 medaile<\/h2>\t\t\t\t<\/div>\n\t\t\t\t<\/div>\n\t\t\t\t<div class=\"elementor-element elementor-element-8a53212 elementor-widget elementor-widget-heading\" data-id=\"8a53212\" data-element_type=\"widget\" data-e-type=\"widget\" data-widget_type=\"heading.default\">\n\t\t\t\t<div class=\"elementor-widget-container\">\n\t\t\t\t\t<div class=\"elementor-heading-title elementor-size-default\">Turnaj na kter\u00e9m nen\u00ed d\u016fle\u017eit\u00e9 vyhr\u00e1t, ale um\u00edstit se na \u010dtvrt\u00e9m m\u00edst\u011b.<\/div>\t\t\t\t<\/div>\n\t\t\t\t<\/div>\n\t\t\t\t<\/div>\n\t\t<div class=\"elementor-element elementor-element-f2cd3fe e-con-full e-flex e-con e-child\" data-id=\"f2cd3fe\" data-element_type=\"container\" data-e-type=\"container\">\n\t\t\t\t<div class=\"elementor-element elementor-element-8693c85 elementor-widget elementor-widget-image\" data-id=\"8693c85\" data-element_type=\"widget\" data-e-type=\"widget\" data-widget_type=\"image.default\">\n\t\t\t\t<div class=\"elementor-widget-container\">\n\t\t\t\t\t\t\t\t\t\t\t\t\t\t\t<img fetchpriority=\"high\" decoding=\"async\" width=\"300\" height=\"300\" src=\"https:\/\/bramborovamedaile.cz\/wp-content\/uploads\/2025\/04\/kuzelka_brambora_2-300x300.png\" class=\"attachment-medium size-medium wp-image-1101\" alt=\"\" srcset=\"https:\/\/bramborovamedaile.cz\/wp-content\/uploads\/2025\/04\/kuzelka_brambora_2-300x300.png 300w, https:\/\/bramborovamedaile.cz\/wp-content\/uploads\/2025\/04\/kuzelka_brambora_2-1024x1024.png 1024w, https:\/\/bramborovamedaile.cz\/wp-content\/uploads\/2025\/04\/kuzelka_brambora_2-150x150.png 150w, https:\/\/bramborovamedaile.cz\/wp-content\/uploads\/2025\/04\/kuzelka_brambora_2-768x768.png 768w, https:\/\/bramborovamedaile.cz\/wp-content\/uploads\/2025\/04\/kuzelka_brambora_2-1536x1536.png 1536w, https:\/\/bramborovamedaile.cz\/wp-content\/uploads\/2025\/04\/kuzelka_brambora_2.png 1589w\" sizes=\"(max-width: 300px) 100vw, 300px\" \/>\t\t\t\t\t\t\t\t\t\t\t\t\t\t\t<\/div>\n\t\t\t\t<\/div>\n\t\t\t\t<\/div>\n\t\t\t\t\t<\/div>\n\t\t\t\t<\/div>\n\t\t<div class=\"elementor-element elementor-element-15e58dc e-flex e-con-boxed e-con e-parent\" data-id=\"15e58dc\" data-element_type=\"container\" data-e-type=\"container\">\n\t\t\t\t\t<div class=\"e-con-inner\">\n\t\t<div class=\"elementor-element elementor-element-86b0faf e-con-full e-flex e-con e-child\" data-id=\"86b0faf\" data-element_type=\"container\" data-e-type=\"container\">\n\t\t\t\t<div class=\"elementor-element elementor-element-2fcf400 elementor-widget elementor-widget-image\" data-id=\"2fcf400\" data-element_type=\"widget\" data-e-type=\"widget\" data-widget_type=\"image.default\">\n\t\t\t\t<div class=\"elementor-widget-container\">\n\t\t\t\t\t\t\t\t\t\t\t\t\t\t\t<img decoding=\"async\" width=\"300\" height=\"200\" src=\"https:\/\/bramborovamedaile.cz\/wp-content\/uploads\/2025\/04\/trofej_3-300x200.png\" class=\"attachment-medium size-medium wp-image-1100\" alt=\"\" srcset=\"https:\/\/bramborovamedaile.cz\/wp-content\/uploads\/2025\/04\/trofej_3-300x200.png 300w, https:\/\/bramborovamedaile.cz\/wp-content\/uploads\/2025\/04\/trofej_3-1024x682.png 1024w, https:\/\/bramborovamedaile.cz\/wp-content\/uploads\/2025\/04\/trofej_3-768x512.png 768w, https:\/\/bramborovamedaile.cz\/wp-content\/uploads\/2025\/04\/trofej_3-1536x1024.png 1536w, https:\/\/bramborovamedaile.cz\/wp-content\/uploads\/2025\/04\/trofej_3.png 1600w\" sizes=\"(max-width: 300px) 100vw, 300px\" \/>\t\t\t\t\t\t\t\t\t\t\t\t\t\t\t<\/div>\n\t\t\t\t<\/div>\n\t\t\t\t<\/div>\n\t\t<div class=\"elementor-element elementor-element-fdf2a83 e-con-full e-flex e-con e-child\" data-id=\"fdf2a83\" data-element_type=\"container\" data-e-type=\"container\">\n\t\t\t\t<div class=\"elementor-element elementor-element-5197e57 elementor-widget elementor-widget-heading\" data-id=\"5197e57\" data-element_type=\"widget\" data-e-type=\"widget\" data-widget_type=\"heading.default\">\n\t\t\t\t<div class=\"elementor-widget-container\">\n\t\t\t\t\t<h2 class=\"elementor-heading-title elementor-size-default\">Brambora cup<\/h2>\t\t\t\t<\/div>\n\t\t\t\t<\/div>\n\t\t\t\t<div class=\"elementor-element elementor-element-af184a0 elementor-widget elementor-widget-heading\" data-id=\"af184a0\" data-element_type=\"widget\" data-e-type=\"widget\" data-widget_type=\"heading.default\">\n\t\t\t\t<div class=\"elementor-widget-container\">\n\t\t\t\t\t<div class=\"elementor-heading-title elementor-size-default\">Turnaj je ned\u00edlnou sou\u010d\u00e1st\u00ed s\u00e9rie Bramborov\u00e1 medaile.\n D\u0159\u00edve Melicharka CUP. V roce 2022 po p\u0159est\u011bhov\u00e1n\u00ed do herny Phoenix v Praze Hole\u0161ovic\u00edch p\u0159ejmenov\u00e1n na Brambora CUP,<\/div>\t\t\t\t<\/div>\n\t\t\t\t<\/div>\n\t\t\t\t<\/div>\n\t\t\t\t\t<\/div>\n\t\t\t\t<\/div>\n\t\t<div class=\"elementor-element elementor-element-ebb4296 e-flex e-con-boxed e-con e-parent\" data-id=\"ebb4296\" data-element_type=\"container\" data-e-type=\"container\" data-settings=\"{&quot;background_background&quot;:&quot;classic&quot;}\">\n\t\t\t\t\t<div class=\"e-con-inner\">\n\t\t<div class=\"elementor-element elementor-element-0338f1c e-con-full e-flex e-con e-child\" data-id=\"0338f1c\" data-element_type=\"container\" data-e-type=\"container\">\n\t\t\t\t<div class=\"elementor-element elementor-element-98d00be elementor-widget elementor-widget-heading\" data-id=\"98d00be\" data-element_type=\"widget\" data-e-type=\"widget\" data-widget_type=\"heading.default\">\n\t\t\t\t<div class=\"elementor-widget-container\">\n\t\t\t\t\t<h2 class=\"elementor-heading-title elementor-size-default\">P\u0159ij\u010fte si zahr\u00e1t na tyto dr\u00e1hy<\/h2>\t\t\t\t<\/div>\n\t\t\t\t<\/div>\n\t\t\t\t<\/div>\n\t\t\t\t\t<\/div>\n\t\t\t\t<\/div>\n\t\t<div class=\"elementor-element elementor-element-b879313 e-flex e-con-boxed e-con e-parent\" data-id=\"b879313\" data-element_type=\"container\" data-e-type=\"container\" data-settings=\"{&quot;background_background&quot;:&quot;classic&quot;}\">\n\t\t\t\t\t<div class=\"e-con-inner\">\n\t\t<div class=\"elementor-element elementor-element-6f942c1 e-con-full e-flex e-con e-child\" data-id=\"6f942c1\" data-element_type=\"container\" data-e-type=\"container\">\n\t\t\t\t<div class=\"elementor-element elementor-element-65e87ba elementor-widget elementor-widget-google_maps\" data-id=\"65e87ba\" data-element_type=\"widget\" data-e-type=\"widget\" data-widget_type=\"google_maps.default\">\n\t\t\t\t<div class=\"elementor-widget-container\">\n\t\t\t\t\t\t\t<div class=\"elementor-custom-embed\">\n\t\t\t<iframe loading=\"lazy\"\n\t\t\t\t\tsrc=\"https:\/\/maps.google.com\/maps?q=Komunard%C5%AF%201091%2C%20Praha&#038;t=m&#038;z=15&#038;output=embed&#038;iwloc=near\"\n\t\t\t\t\ttitle=\"Komunard\u016f 1091, Praha\"\n\t\t\t\t\taria-label=\"Komunard\u016f 1091, Praha\"\n\t\t\t><\/iframe>\n\t\t<\/div>\n\t\t\t\t\t\t<\/div>\n\t\t\t\t<\/div>\n\t\t\t\t<\/div>\n\t\t\t\t\t<\/div>\n\t\t\t\t<\/div>\n\t\t\t\t<\/div>\n\t\t","protected":false},"excerpt":{"rendered":"<p>Bramborov\u00e1 Medaile P\u0159\u00ed\u0161t\u00ed turnaj bude za : Dn\u00ed Hodin Minut Sekund Historie Bowlingov\u00e9 turnaje jsme za\u010dali po\u0159\u00e1dat v Brand\u00fdsk\u00e9m Bowlingov\u00e9m Centru na ja\u0159e roku 2017. N\u00e1\u0161 prvn\u00ed turnaj jsme nazvali Bramborov\u00e1 medaile. V tomto prvn\u00edm ro\u010dn\u00edku se n\u00e1m poda\u0159ilo zorganizovat s\u00e9rii \u010dty\u0159 turnaj\u016f a to tak\u00e9 d\u00edky na\u0161im sponzor\u016fm, kte\u0159\u00ed n\u00e1m v\u011bnovali spousty kr\u00e1sn\u00fdch cen [&hellip;]<\/p>\n","protected":false},"author":1,"featured_media":0,"parent":0,"menu_order":0,"comment_status":"closed","ping_status":"closed","template":"","meta":{"site-sidebar-layout":"no-sidebar","site-content-layout":"page-builder","ast-site-content-layout":"default","site-content-style":"default","site-sidebar-style":"default","ast-global-header-display":"","ast-banner-title-visibility":"","ast-main-header-display":"","ast-hfb-above-header-display":"","ast-hfb-below-header-display":"","ast-hfb-mobile-header-display":"","site-post-title":"disabled","ast-breadcrumbs-content":"","ast-featured-img":"disabled","footer-sml-layout":"","ast-disable-related-posts":"","theme-transparent-header-meta":"enabled","adv-header-id-meta":"","stick-header-meta":"","header-above-stick-meta":"","header-main-stick-meta":"","header-below-stick-meta":"","astra-migrate-meta-layouts":"default","ast-page-background-enabled":"default","ast-page-background-meta":{"desktop":{"background-color":"","background-image":"","background-repeat":"repeat","background-position":"center center","background-size":"auto","background-attachment":"scroll","background-type":"","background-media":"","overlay-type":"","overlay-color":"","overlay-opacity":"","overlay-gradient":""},"tablet":{"background-color":"","background-image":"","background-repeat":"repeat","background-position":"center center","background-size":"auto","background-attachment":"scroll","background-type":"","background-media":"","overlay-type":"","overlay-color":"","overlay-opacity":"","overlay-gradient":""},"mobile":{"background-color":"","background-image":"","background-repeat":"repeat","background-position":"center center","background-size":"auto","background-attachment":"scroll","background-type":"","background-media":"","overlay-type":"","overlay-color":"","overlay-opacity":"","overlay-gradient":""}},"ast-content-background-meta":{"desktop":{"background-color":"var(--ast-global-color-5)","background-image":"","background-repeat":"repeat","background-position":"center center","background-size":"auto","background-attachment":"scroll","background-type":"","background-media":"","overlay-type":"","overlay-color":"","overlay-opacity":"","overlay-gradient":""},"tablet":{"background-color":"var(--ast-global-color-5)","background-image":"","background-repeat":"repeat","background-position":"center center","background-size":"auto","background-attachment":"scroll","background-type":"","background-media":"","overlay-type":"","overlay-color":"","overlay-opacity":"","overlay-gradient":""},"mobile":{"background-color":"var(--ast-global-color-5)","background-image":"","background-repeat":"repeat","background-position":"center center","background-size":"auto","background-attachment":"scroll","background-type":"","background-media":"","overlay-type":"","overlay-color":"","overlay-opacity":"","overlay-gradient":""}},"footnotes":""},"class_list":["post-11","page","type-page","status-publish","hentry"],"_links":{"self":[{"href":"https:\/\/bramborovamedaile.cz\/index.php?rest_route=\/wp\/v2\/pages\/11","targetHints":{"allow":["GET"]}}],"collection":[{"href":"https:\/\/bramborovamedaile.cz\/index.php?rest_route=\/wp\/v2\/pages"}],"about":[{"href":"https:\/\/bramborovamedaile.cz\/index.php?rest_route=\/wp\/v2\/types\/page"}],"author":[{"embeddable":true,"href":"https:\/\/bramborovamedaile.cz\/index.php?rest_route=\/wp\/v2\/users\/1"}],"replies":[{"embeddable":true,"href":"https:\/\/bramborovamedaile.cz\/index.php?rest_route=%2Fwp%2Fv2%2Fcomments&post=11"}],"version-history":[{"count":58,"href":"https:\/\/bramborovamedaile.cz\/index.php?rest_route=\/wp\/v2\/pages\/11\/revisions"}],"predecessor-version":[{"id":1896,"href":"https:\/\/bramborovamedaile.cz\/index.php?rest_route=\/wp\/v2\/pages\/11\/revisions\/1896"}],"wp:attachment":[{"href":"https:\/\/bramborovamedaile.cz\/index.php?rest_route=%2Fwp%2Fv2%2Fmedia&parent=11"}],"curies":[{"name":"wp","href":"https:\/\/api.w.org\/{rel}","templated":true}]}}