{"id":1866,"date":"2026-03-08T15:04:44","date_gmt":"2026-03-08T14:04:44","guid":{"rendered":"https:\/\/bramborovamedaile.cz\/?page_id=1866"},"modified":"2026-03-08T15:05:46","modified_gmt":"2026-03-08T14:05:46","slug":"zelenystrike-2026","status":"publish","type":"page","link":"https:\/\/bramborovamedaile.cz\/?page_id=1866","title":{"rendered":"zelenystrike 2026"},"content":{"rendered":"\t\t<div data-elementor-type=\"wp-page\" data-elementor-id=\"1866\" class=\"elementor elementor-1866\" data-elementor-post-type=\"page\">\n\t\t\t\t<div class=\"elementor-element elementor-element-15377b74 e-flex e-con-boxed e-con e-parent\" data-id=\"15377b74\" data-element_type=\"container\" data-e-type=\"container\" data-settings=\"{&quot;background_background&quot;:&quot;classic&quot;}\">\n\t\t\t\t\t<div class=\"e-con-inner\">\n\t\t<div class=\"elementor-element elementor-element-2200a908 e-con-full e-flex e-con e-child\" data-id=\"2200a908\" data-element_type=\"container\" data-e-type=\"container\">\n\t\t\t\t<div class=\"elementor-element elementor-element-7cddaede elementor-widget elementor-widget-heading\" data-id=\"7cddaede\" data-element_type=\"widget\" data-e-type=\"widget\" data-widget_type=\"heading.default\">\n\t\t\t\t<div class=\"elementor-widget-container\">\n\t\t\t\t\t<h1 class=\"elementor-heading-title elementor-size-default\">Zelen\u00fd strike 2025<\/h1>\t\t\t\t<\/div>\n\t\t\t\t<\/div>\n\t\t\t\t<div class=\"elementor-element elementor-element-76fadc00 elementor-widget elementor-widget-html\" data-id=\"76fadc00\" data-element_type=\"widget\" data-e-type=\"widget\" data-widget_type=\"html.default\">\n\t\t\t\t<div class=\"elementor-widget-container\">\n\t\t\t\t\t<html xmlns:o=\"urn:schemas-microsoft-com:office:office\"\r\nxmlns:x=\"urn:schemas-microsoft-com:office:excel\"\r\nxmlns=\"http:\/\/www.w3.org\/TR\/REC-html40\">\r\n\r\n<head>\r\n<meta http-equiv=Content-Type content=\"text\/html; charset=windows-1250\">\r\n<meta name=ProgId content=Excel.Sheet>\r\n<meta name=Generator content=\"Microsoft Excel 15\">\r\n<link rel=File-List href=\"zeleny_2026_soubory\/filelist.xml\">\r\n<style id=\"Se\u0161it1_743_Styles\">\r\n<!--table\r\n\t{mso-displayed-decimal-separator:\"\\,\";\r\n\tmso-displayed-thousand-separator:\" \";}\r\n.xl15743\r\n\t{padding-top:1px;\r\n\tpadding-right:1px;\r\n\tpadding-left:1px;\r\n\tmso-ignore:padding;\r\n\tcolor:black;\r\n\tfont-size:11.0pt;\r\n\tfont-weight:400;\r\n\tfont-style:normal;\r\n\ttext-decoration:none;\r\n\tfont-family:\"Aptos Narrow\", sans-serif;\r\n\tmso-font-charset:238;\r\n\tmso-number-format:General;\r\n\ttext-align:general;\r\n\tvertical-align:bottom;\r\n\tmso-background-source:auto;\r\n\tmso-pattern:auto;\r\n\twhite-space:nowrap;}\r\n.xl63743\r\n\t{padding-top:1px;\r\n\tpadding-right:1px;\r\n\tpadding-left:1px;\r\n\tmso-ignore:padding;\r\n\tcolor:black;\r\n\tfont-size:22.0pt;\r\n\tfont-weight:700;\r\n\tfont-style:normal;\r\n\ttext-decoration:none;\r\n\tfont-family:Calibri, sans-serif;\r\n\tmso-font-charset:238;\r\n\tmso-number-format:General;\r\n\ttext-align:center;\r\n\tvertical-align:middle;\r\n\tborder-top:1.0pt solid windowtext;\r\n\tborder-right:none;\r\n\tborder-bottom:none;\r\n\tborder-left:1.0pt solid windowtext;\r\n\tmso-background-source:auto;\r\n\tmso-pattern:auto;\r\n\twhite-space:nowrap;}\r\n.xl64743\r\n\t{padding-top:1px;\r\n\tpadding-right:1px;\r\n\tpadding-left:1px;\r\n\tmso-ignore:padding;\r\n\tcolor:black;\r\n\tfont-size:11.0pt;\r\n\tfont-weight:400;\r\n\tfont-style:normal;\r\n\ttext-decoration:none;\r\n\tfont-family:Calibri, sans-serif;\r\n\tmso-font-charset:238;\r\n\tmso-number-format:General;\r\n\ttext-align:center;\r\n\tvertical-align:middle;\r\n\tborder-top:none;\r\n\tborder-right:none;\r\n\tborder-bottom:none;\r\n\tborder-left:1.0pt solid windowtext;\r\n\tmso-background-source:auto;\r\n\tmso-pattern:auto;\r\n\twhite-space:nowrap;}\r\n.xl65743\r\n\t{padding-top:1px;\r\n\tpadding-right:1px;\r\n\tpadding-left:1px;\r\n\tmso-ignore:padding;\r\n\tcolor:black;\r\n\tfont-size:11.0pt;\r\n\tfont-weight:400;\r\n\tfont-style:normal;\r\n\ttext-decoration:none;\r\n\tfont-family:Calibri, sans-serif;\r\n\tmso-font-charset:238;\r\n\tmso-number-format:General;\r\n\ttext-align:center;\r\n\tvertical-align:middle;\r\n\tborder-top:1.0pt solid windowtext;\r\n\tborder-right:.5pt solid windowtext;\r\n\tborder-bottom:1.0pt solid windowtext;\r\n\tborder-left:1.0pt solid windowtext;\r\n\tbackground:#70AD47;\r\n\tmso-pattern:black none;\r\n\twhite-space:nowrap;}\r\n.xl66743\r\n\t{padding-top:1px;\r\n\tpadding-right:1px;\r\n\tpadding-left:1px;\r\n\tmso-ignore:padding;\r\n\tcolor:black;\r\n\tfont-size:11.0pt;\r\n\tfont-weight:400;\r\n\tfont-style:normal;\r\n\ttext-decoration:none;\r\n\tfont-family:Calibri, sans-serif;\r\n\tmso-font-charset:238;\r\n\tmso-number-format:General;\r\n\ttext-align:general;\r\n\tvertical-align:bottom;\r\n\tborder-top:1.0pt solid windowtext;\r\n\tborder-right:.5pt solid windowtext;\r\n\tborder-bottom:.5pt solid windowtext;\r\n\tborder-left:1.0pt solid windowtext;\r\n\tmso-background-source:auto;\r\n\tmso-pattern:auto;\r\n\twhite-space:nowrap;}\r\n.xl67743\r\n\t{padding-top:1px;\r\n\tpadding-right:1px;\r\n\tpadding-left:1px;\r\n\tmso-ignore:padding;\r\n\tcolor:black;\r\n\tfont-size:11.0pt;\r\n\tfont-weight:400;\r\n\tfont-style:normal;\r\n\ttext-decoration:none;\r\n\tfont-family:Calibri, sans-serif;\r\n\tmso-font-charset:238;\r\n\tmso-number-format:General;\r\n\ttext-align:general;\r\n\tvertical-align:bottom;\r\n\tborder-top:.5pt solid windowtext;\r\n\tborder-right:.5pt solid windowtext;\r\n\tborder-bottom:.5pt solid windowtext;\r\n\tborder-left:1.0pt solid windowtext;\r\n\tmso-background-source:auto;\r\n\tmso-pattern:auto;\r\n\twhite-space:nowrap;}\r\n.xl68743\r\n\t{padding-top:1px;\r\n\tpadding-right:1px;\r\n\tpadding-left:1px;\r\n\tmso-ignore:padding;\r\n\tcolor:black;\r\n\tfont-size:11.0pt;\r\n\tfont-weight:400;\r\n\tfont-style:normal;\r\n\ttext-decoration:none;\r\n\tfont-family:Calibri, sans-serif;\r\n\tmso-font-charset:238;\r\n\tmso-number-format:General;\r\n\ttext-align:center;\r\n\tvertical-align:middle;\r\n\tborder-top:1.0pt solid windowtext;\r\n\tborder-right:none;\r\n\tborder-bottom:none;\r\n\tborder-left:none;\r\n\tmso-background-source:auto;\r\n\tmso-pattern:auto;\r\n\twhite-space:nowrap;}\r\n.xl69743\r\n\t{padding-top:1px;\r\n\tpadding-right:1px;\r\n\tpadding-left:1px;\r\n\tmso-ignore:padding;\r\n\tcolor:black;\r\n\tfont-size:11.0pt;\r\n\tfont-weight:400;\r\n\tfont-style:normal;\r\n\ttext-decoration:none;\r\n\tfont-family:Calibri, sans-serif;\r\n\tmso-font-charset:238;\r\n\tmso-number-format:General;\r\n\ttext-align:center;\r\n\tvertical-align:middle;\r\n\tmso-background-source:auto;\r\n\tmso-pattern:auto;\r\n\twhite-space:nowrap;}\r\n.xl70743\r\n\t{padding-top:1px;\r\n\tpadding-right:1px;\r\n\tpadding-left:1px;\r\n\tmso-ignore:padding;\r\n\tcolor:black;\r\n\tfont-size:11.0pt;\r\n\tfont-weight:400;\r\n\tfont-style:normal;\r\n\ttext-decoration:none;\r\n\tfont-family:Calibri, sans-serif;\r\n\tmso-font-charset:238;\r\n\tmso-number-format:\"Short Date\";\r\n\ttext-align:center;\r\n\tvertical-align:middle;\r\n\tborder-top:1.0pt solid windowtext;\r\n\tborder-right:.5pt solid windowtext;\r\n\tborder-bottom:1.0pt solid windowtext;\r\n\tborder-left:.5pt solid windowtext;\r\n\tbackground:#70AD47;\r\n\tmso-pattern:black none;\r\n\twhite-space:nowrap;}\r\n.xl71743\r\n\t{padding-top:1px;\r\n\tpadding-right:1px;\r\n\tpadding-left:1px;\r\n\tmso-ignore:padding;\r\n\tcolor:black;\r\n\tfont-size:11.0pt;\r\n\tfont-weight:400;\r\n\tfont-style:normal;\r\n\ttext-decoration:none;\r\n\tfont-family:Calibri, sans-serif;\r\n\tmso-font-charset:238;\r\n\tmso-number-format:General;\r\n\ttext-align:center;\r\n\tvertical-align:middle;\r\n\tborder-top:1.0pt solid windowtext;\r\n\tborder-right:.5pt solid windowtext;\r\n\tborder-bottom:.5pt solid windowtext;\r\n\tborder-left:.5pt solid windowtext;\r\n\tmso-background-source:auto;\r\n\tmso-pattern:auto;\r\n\twhite-space:nowrap;}\r\n.xl72743\r\n\t{padding-top:1px;\r\n\tpadding-right:1px;\r\n\tpadding-left:1px;\r\n\tmso-ignore:padding;\r\n\tcolor:black;\r\n\tfont-size:11.0pt;\r\n\tfont-weight:400;\r\n\tfont-style:normal;\r\n\ttext-decoration:none;\r\n\tfont-family:Calibri, sans-serif;\r\n\tmso-font-charset:238;\r\n\tmso-number-format:General;\r\n\ttext-align:center;\r\n\tvertical-align:middle;\r\n\tborder:.5pt solid windowtext;\r\n\tmso-background-source:auto;\r\n\tmso-pattern:auto;\r\n\twhite-space:nowrap;}\r\n.xl73743\r\n\t{padding-top:1px;\r\n\tpadding-right:1px;\r\n\tpadding-left:1px;\r\n\tmso-ignore:padding;\r\n\tcolor:black;\r\n\tfont-size:11.0pt;\r\n\tfont-weight:400;\r\n\tfont-style:normal;\r\n\ttext-decoration:none;\r\n\tfont-family:Calibri, sans-serif;\r\n\tmso-font-charset:238;\r\n\tmso-number-format:General;\r\n\ttext-align:center;\r\n\tvertical-align:middle;\r\n\tborder-top:1.0pt solid windowtext;\r\n\tborder-right:1.0pt solid windowtext;\r\n\tborder-bottom:none;\r\n\tborder-left:none;\r\n\tmso-background-source:auto;\r\n\tmso-pattern:auto;\r\n\twhite-space:nowrap;}\r\n.xl74743\r\n\t{padding-top:1px;\r\n\tpadding-right:1px;\r\n\tpadding-left:1px;\r\n\tmso-ignore:padding;\r\n\tcolor:black;\r\n\tfont-size:11.0pt;\r\n\tfont-weight:400;\r\n\tfont-style:normal;\r\n\ttext-decoration:none;\r\n\tfont-family:Calibri, sans-serif;\r\n\tmso-font-charset:238;\r\n\tmso-number-format:General;\r\n\ttext-align:center;\r\n\tvertical-align:middle;\r\n\tborder-top:none;\r\n\tborder-right:1.0pt solid windowtext;\r\n\tborder-bottom:none;\r\n\tborder-left:none;\r\n\tmso-background-source:auto;\r\n\tmso-pattern:auto;\r\n\twhite-space:nowrap;}\r\n.xl75743\r\n\t{padding-top:1px;\r\n\tpadding-right:1px;\r\n\tpadding-left:1px;\r\n\tmso-ignore:padding;\r\n\tcolor:black;\r\n\tfont-size:11.0pt;\r\n\tfont-weight:400;\r\n\tfont-style:normal;\r\n\ttext-decoration:none;\r\n\tfont-family:Calibri, sans-serif;\r\n\tmso-font-charset:238;\r\n\tmso-number-format:General;\r\n\ttext-align:center;\r\n\tvertical-align:middle;\r\n\tborder-top:1.0pt solid windowtext;\r\n\tborder-right:1.0pt solid windowtext;\r\n\tborder-bottom:1.0pt solid windowtext;\r\n\tborder-left:.5pt solid windowtext;\r\n\tbackground:#70AD47;\r\n\tmso-pattern:black none;\r\n\twhite-space:nowrap;}\r\n.xl76743\r\n\t{padding-top:1px;\r\n\tpadding-right:1px;\r\n\tpadding-left:1px;\r\n\tmso-ignore:padding;\r\n\tcolor:black;\r\n\tfont-size:11.0pt;\r\n\tfont-weight:400;\r\n\tfont-style:normal;\r\n\ttext-decoration:none;\r\n\tfont-family:Calibri, sans-serif;\r\n\tmso-font-charset:238;\r\n\tmso-number-format:General;\r\n\ttext-align:center;\r\n\tvertical-align:middle;\r\n\tborder-top:1.0pt solid windowtext;\r\n\tborder-right:1.0pt solid windowtext;\r\n\tborder-bottom:.5pt solid windowtext;\r\n\tborder-left:.5pt solid windowtext;\r\n\tmso-background-source:auto;\r\n\tmso-pattern:auto;\r\n\twhite-space:nowrap;}\r\n.xl77743\r\n\t{padding-top:1px;\r\n\tpadding-right:1px;\r\n\tpadding-left:1px;\r\n\tmso-ignore:padding;\r\n\tcolor:black;\r\n\tfont-size:11.0pt;\r\n\tfont-weight:400;\r\n\tfont-style:normal;\r\n\ttext-decoration:none;\r\n\tfont-family:Calibri, sans-serif;\r\n\tmso-font-charset:238;\r\n\tmso-number-format:General;\r\n\ttext-align:center;\r\n\tvertical-align:middle;\r\n\tborder-top:.5pt solid windowtext;\r\n\tborder-right:1.0pt solid windowtext;\r\n\tborder-bottom:.5pt solid windowtext;\r\n\tborder-left:.5pt solid windowtext;\r\n\tmso-background-source:auto;\r\n\tmso-pattern:auto;\r\n\twhite-space:nowrap;}\r\n-->\r\n<\/style>\r\n<\/head>\r\n\r\n<body>\r\n<!--[if !excel]>&nbsp;&nbsp;<![endif]-->\r\n<!--N\u00e1sleduj\u00edc\u00ed informace byly vytvo\u0159eny pomoc\u00ed funkce aplikace Microsoft Excel\r\nPublikovat jako webovou str\u00e1nku.-->\r\n<!--Pokud je stejn\u00e1 polo\u017eka znovu publikov\u00e1na z aplikace Excel, budou v\u0161echny\r\ninformace mezi zna\u010dkami DIV nahrazeny.-->\r\n<!----------------------------->\r\n<!--ZA\u010c\u00c1TEK V\u00ddSTUPU FUNKCE APLIKACE EXCEL PUBLIKOVAT JAKO WEBOVOU STR\u00c1NKU -->\r\n<!----------------------------->\r\n\r\n<div id=\"Se\u0161it1_743\" align=center x:publishsource=\"Excel\">\r\n\r\n<table border=0 cellpadding=0 cellspacing=0 width=540 style='border-collapse:\r\n collapse;table-layout:fixed;width:404pt'>\r\n <col width=133 style='mso-width-source:userset;mso-width-alt:4864;width:100pt'>\r\n <col width=71 span=5 style='mso-width-source:userset;mso-width-alt:2596;\r\n width:53pt'>\r\n <col width=52 style='mso-width-source:userset;mso-width-alt:1901;width:39pt'>\r\n <tr height=20 style='height:15.0pt'>\r\n  <td colspan=7 rowspan=2 height=41 class=xl63743 width=540 style='border-right:\r\n  1.0pt solid black;height:30.75pt;width:404pt'>ZELEN\u00dd STRIKE 2026<\/td>\r\n <\/tr>\r\n <tr height=21 style='height:15.75pt'>\r\n <\/tr>\r\n <tr height=21 style='height:15.75pt'>\r\n  <td height=21 class=xl65743 style='height:15.75pt'>jm\u00e9no<\/td>\r\n  <td class=xl70743 style='border-left:none'>01.03.2026<\/td>\r\n  <td class=xl70743 style='border-left:none'>10.05.2026<\/td>\r\n  <td class=xl70743 style='border-left:none'>11.10.2026<\/td>\r\n  <td class=xl70743 style='border-left:none'>06.12.2026<\/td>\r\n  <td class=xl70743 style='border-left:none'>&nbsp;<\/td>\r\n  <td class=xl75743 style='border-left:none'>celkem<\/td>\r\n <\/tr>\r\n <tr height=20 style='height:15.0pt'>\r\n  <td height=20 class=xl66743 style='height:15.0pt;border-top:none'>Jan Je\u017eek<\/td>\r\n  <td class=xl71743 style='border-top:none;border-left:none'>2<\/td>\r\n  <td class=xl71743 style='border-top:none;border-left:none'>&nbsp;<\/td>\r\n  <td class=xl71743 style='border-top:none;border-left:none'>&nbsp;<\/td>\r\n  <td class=xl71743 style='border-top:none;border-left:none'>&nbsp;<\/td>\r\n  <td class=xl71743 style='border-top:none;border-left:none'>&nbsp;<\/td>\r\n  <td class=xl76743 style='border-top:none;border-left:none'>2<\/td>\r\n <\/tr>\r\n <tr height=20 style='height:15.0pt'>\r\n  <td height=20 class=xl67743 style='height:15.0pt;border-top:none'>Ad\u00e9la\r\n  Roubalov\u00e1<\/td>\r\n  <td class=xl72743 style='border-top:none;border-left:none'>2<\/td>\r\n  <td class=xl72743 style='border-top:none;border-left:none'>&nbsp;<\/td>\r\n  <td class=xl72743 style='border-top:none;border-left:none'>&nbsp;<\/td>\r\n  <td class=xl72743 style='border-top:none;border-left:none'>&nbsp;<\/td>\r\n  <td class=xl72743 style='border-top:none;border-left:none'>&nbsp;<\/td>\r\n  <td class=xl77743 style='border-top:none;border-left:none'>2<\/td>\r\n <\/tr>\r\n <tr height=20 style='height:15.0pt'>\r\n  <td height=20 class=xl67743 style='height:15.0pt;border-top:none'>Milan\r\n  Brabec<\/td>\r\n  <td class=xl72743 style='border-top:none;border-left:none'>1<\/td>\r\n  <td class=xl72743 style='border-top:none;border-left:none'>&nbsp;<\/td>\r\n  <td class=xl72743 style='border-top:none;border-left:none'>&nbsp;<\/td>\r\n  <td class=xl72743 style='border-top:none;border-left:none'>&nbsp;<\/td>\r\n  <td class=xl72743 style='border-top:none;border-left:none'>&nbsp;<\/td>\r\n  <td class=xl77743 style='border-top:none;border-left:none'>1<\/td>\r\n <\/tr>\r\n <tr height=20 style='height:15.0pt'>\r\n  <td height=20 class=xl67743 style='height:15.0pt;border-top:none'>Ji\u0159\u00ed Urban<\/td>\r\n  <td class=xl72743 style='border-top:none;border-left:none'>1<\/td>\r\n  <td class=xl72743 style='border-top:none;border-left:none'>&nbsp;<\/td>\r\n  <td class=xl72743 style='border-top:none;border-left:none'>&nbsp;<\/td>\r\n  <td class=xl72743 style='border-top:none;border-left:none'>&nbsp;<\/td>\r\n  <td class=xl72743 style='border-top:none;border-left:none'>&nbsp;<\/td>\r\n  <td class=xl77743 style='border-top:none;border-left:none'>1<\/td>\r\n <\/tr>\r\n <tr height=20 style='height:15.0pt'>\r\n  <td height=20 class=xl67743 style='height:15.0pt;border-top:none'>Zuzana\r\n  Tesa\u0159ov\u00e1<\/td>\r\n  <td class=xl72743 style='border-top:none;border-left:none'>1<\/td>\r\n  <td class=xl72743 style='border-top:none;border-left:none'>&nbsp;<\/td>\r\n  <td class=xl72743 style='border-top:none;border-left:none'>&nbsp;<\/td>\r\n  <td class=xl72743 style='border-top:none;border-left:none'>&nbsp;<\/td>\r\n  <td class=xl72743 style='border-top:none;border-left:none'>&nbsp;<\/td>\r\n  <td class=xl77743 style='border-top:none;border-left:none'>1<\/td>\r\n <\/tr>\r\n <tr height=20 style='height:15.0pt'>\r\n  <td height=20 class=xl67743 style='height:15.0pt;border-top:none'>Kate\u0159ina\r\n  V\u00e1vrov\u00e1<\/td>\r\n  <td class=xl72743 style='border-top:none;border-left:none'>1<\/td>\r\n  <td class=xl72743 style='border-top:none;border-left:none'>&nbsp;<\/td>\r\n  <td class=xl72743 style='border-top:none;border-left:none'>&nbsp;<\/td>\r\n  <td class=xl72743 style='border-top:none;border-left:none'>&nbsp;<\/td>\r\n  <td class=xl72743 style='border-top:none;border-left:none'>&nbsp;<\/td>\r\n  <td class=xl77743 style='border-top:none;border-left:none'>1<\/td>\r\n <\/tr>\r\n <tr height=20 style='height:15.0pt'>\r\n  <td height=20 class=xl67743 style='height:15.0pt;border-top:none'>Vla\u010fka\r\n  Svobodov\u00e1<\/td>\r\n  <td class=xl72743 style='border-top:none;border-left:none'>1<\/td>\r\n  <td class=xl72743 style='border-top:none;border-left:none'>&nbsp;<\/td>\r\n  <td class=xl72743 style='border-top:none;border-left:none'>&nbsp;<\/td>\r\n  <td class=xl72743 style='border-top:none;border-left:none'>&nbsp;<\/td>\r\n  <td class=xl72743 style='border-top:none;border-left:none'>&nbsp;<\/td>\r\n  <td class=xl77743 style='border-top:none;border-left:none'>1<\/td>\r\n <\/tr>\r\n <tr height=20 style='height:15.0pt'>\r\n  <td height=20 class=xl67743 style='height:15.0pt;border-top:none'>Martin\r\n  Valda<\/td>\r\n  <td class=xl72743 style='border-top:none;border-left:none'>1<\/td>\r\n  <td class=xl72743 style='border-top:none;border-left:none'>&nbsp;<\/td>\r\n  <td class=xl72743 style='border-top:none;border-left:none'>&nbsp;<\/td>\r\n  <td class=xl72743 style='border-top:none;border-left:none'>&nbsp;<\/td>\r\n  <td class=xl72743 style='border-top:none;border-left:none'>&nbsp;<\/td>\r\n  <td class=xl77743 style='border-top:none;border-left:none'>1<\/td>\r\n <\/tr>\r\n <![if supportMisalignedColumns]>\r\n <tr height=0 style='display:none'>\r\n  <td width=133 style='width:100pt'><\/td>\r\n  <td width=71 style='width:53pt'><\/td>\r\n  <td width=71 style='width:53pt'><\/td>\r\n  <td width=71 style='width:53pt'><\/td>\r\n  <td width=71 style='width:53pt'><\/td>\r\n  <td width=71 style='width:53pt'><\/td>\r\n  <td width=52 style='width:39pt'><\/td>\r\n <\/tr>\r\n <![endif]>\r\n<\/table>\r\n\r\n<\/div>\r\n\r\n\r\n<!----------------------------->\r\n<!--KONEC V\u00ddSTUPU FUNKCE APLIKACE EXCEL PUBLIKOVAT JAKO WEBOVOU STR\u00c1NKU-->\r\n<!----------------------------->\r\n<\/body>\r\n\r\n<\/html>\r\n\t\t\t\t<\/div>\n\t\t\t\t<\/div>\n\t\t\t\t<\/div>\n\t\t<div class=\"elementor-element elementor-element-4b875b29 e-con-full e-flex e-con e-child\" data-id=\"4b875b29\" data-element_type=\"container\" data-e-type=\"container\" data-settings=\"{&quot;background_background&quot;:&quot;classic&quot;}\">\n\t\t\t\t<div class=\"elementor-element elementor-element-2aeec0c7 elementor-widget elementor-widget-image\" data-id=\"2aeec0c7\" data-element_type=\"widget\" data-e-type=\"widget\" data-widget_type=\"image.default\">\n\t\t\t\t<div class=\"elementor-widget-container\">\n\t\t\t\t\t\t\t\t\t\t\t\t\t\t\t<img fetchpriority=\"high\" decoding=\"async\" width=\"1024\" height=\"1024\" src=\"https:\/\/bramborovamedaile.cz\/wp-content\/uploads\/2025\/04\/zelena_2-transformed.png\" class=\"attachment-large size-large wp-image-1206\" alt=\"\" srcset=\"https:\/\/bramborovamedaile.cz\/wp-content\/uploads\/2025\/04\/zelena_2-transformed.png 1024w, https:\/\/bramborovamedaile.cz\/wp-content\/uploads\/2025\/04\/zelena_2-transformed-300x300.png 300w, https:\/\/bramborovamedaile.cz\/wp-content\/uploads\/2025\/04\/zelena_2-transformed-150x150.png 150w, https:\/\/bramborovamedaile.cz\/wp-content\/uploads\/2025\/04\/zelena_2-transformed-768x768.png 768w\" sizes=\"(max-width: 1024px) 100vw, 1024px\" \/>\t\t\t\t\t\t\t\t\t\t\t\t\t\t\t<\/div>\n\t\t\t\t<\/div>\n\t\t\t\t<\/div>\n\t\t\t\t\t<\/div>\n\t\t\t\t<\/div>\n\t\t\t\t<\/div>\n\t\t","protected":false},"excerpt":{"rendered":"<p>Zelen\u00fd strike 2025 ZELEN\u00dd STRIKE 2026 jm\u00e9no 01.03.2026 10.05.2026 11.10.2026 06.12.2026 &nbsp; celkem Jan Je\u017eek 2 &nbsp; &nbsp; &nbsp; &nbsp; 2 Ad\u00e9la Roubalov\u00e1 2 &nbsp; &nbsp; &nbsp; &nbsp; 2 Milan Brabec 1 &nbsp; &nbsp; &nbsp; &nbsp; 1 Ji\u0159\u00ed Urban 1 &nbsp; &nbsp; &nbsp; &nbsp; 1 Zuzana Tesa\u0159ov\u00e1 1 &nbsp; &nbsp; &nbsp; &nbsp; 1 Kate\u0159ina V\u00e1vrov\u00e1 [&hellip;]<\/p>\n","protected":false},"author":1,"featured_media":0,"parent":0,"menu_order":0,"comment_status":"closed","ping_status":"closed","template":"","meta":{"site-sidebar-layout":"no-sidebar","site-content-layout":"page-builder","ast-site-content-layout":"full-width-container","site-content-style":"default","site-sidebar-style":"default","ast-global-header-display":"","ast-banner-title-visibility":"","ast-main-header-display":"","ast-hfb-above-header-display":"","ast-hfb-below-header-display":"","ast-hfb-mobile-header-display":"","site-post-title":"disabled","ast-breadcrumbs-content":"","ast-featured-img":"disabled","footer-sml-layout":"","ast-disable-related-posts":"","theme-transparent-header-meta":"","adv-header-id-meta":"","stick-header-meta":"","header-above-stick-meta":"","header-main-stick-meta":"","header-below-stick-meta":"","astra-migrate-meta-layouts":"set","ast-page-background-enabled":"default","ast-page-background-meta":{"desktop":{"background-color":"","background-image":"","background-repeat":"repeat","background-position":"center center","background-size":"auto","background-attachment":"scroll","background-type":"","background-media":"","overlay-type":"","overlay-color":"","overlay-opacity":"","overlay-gradient":""},"tablet":{"background-color":"","background-image":"","background-repeat":"repeat","background-position":"center center","background-size":"auto","background-attachment":"scroll","background-type":"","background-media":"","overlay-type":"","overlay-color":"","overlay-opacity":"","overlay-gradient":""},"mobile":{"background-color":"","background-image":"","background-repeat":"repeat","background-position":"center center","background-size":"auto","background-attachment":"scroll","background-type":"","background-media":"","overlay-type":"","overlay-color":"","overlay-opacity":"","overlay-gradient":""}},"ast-content-background-meta":{"desktop":{"background-color":"var(--ast-global-color-5)","background-image":"","background-repeat":"repeat","background-position":"center center","background-size":"auto","background-attachment":"scroll","background-type":"","background-media":"","overlay-type":"","overlay-color":"","overlay-opacity":"","overlay-gradient":""},"tablet":{"background-color":"var(--ast-global-color-5)","background-image":"","background-repeat":"repeat","background-position":"center center","background-size":"auto","background-attachment":"scroll","background-type":"","background-media":"","overlay-type":"","overlay-color":"","overlay-opacity":"","overlay-gradient":""},"mobile":{"background-color":"var(--ast-global-color-5)","background-image":"","background-repeat":"repeat","background-position":"center center","background-size":"auto","background-attachment":"scroll","background-type":"","background-media":"","overlay-type":"","overlay-color":"","overlay-opacity":"","overlay-gradient":""}},"footnotes":""},"class_list":["post-1866","page","type-page","status-publish","hentry"],"_links":{"self":[{"href":"https:\/\/bramborovamedaile.cz\/index.php?rest_route=\/wp\/v2\/pages\/1866","targetHints":{"allow":["GET"]}}],"collection":[{"href":"https:\/\/bramborovamedaile.cz\/index.php?rest_route=\/wp\/v2\/pages"}],"about":[{"href":"https:\/\/bramborovamedaile.cz\/index.php?rest_route=\/wp\/v2\/types\/page"}],"author":[{"embeddable":true,"href":"https:\/\/bramborovamedaile.cz\/index.php?rest_route=\/wp\/v2\/users\/1"}],"replies":[{"embeddable":true,"href":"https:\/\/bramborovamedaile.cz\/index.php?rest_route=%2Fwp%2Fv2%2Fcomments&post=1866"}],"version-history":[{"count":4,"href":"https:\/\/bramborovamedaile.cz\/index.php?rest_route=\/wp\/v2\/pages\/1866\/revisions"}],"predecessor-version":[{"id":1870,"href":"https:\/\/bramborovamedaile.cz\/index.php?rest_route=\/wp\/v2\/pages\/1866\/revisions\/1870"}],"wp:attachment":[{"href":"https:\/\/bramborovamedaile.cz\/index.php?rest_route=%2Fwp%2Fv2%2Fmedia&parent=1866"}],"curies":[{"name":"wp","href":"https:\/\/api.w.org\/{rel}","templated":true}]}}